{"id":1436,"date":"2021-12-15T11:27:37","date_gmt":"2021-12-15T10:27:37","guid":{"rendered":"https:\/\/anachronos.fr\/site\/?page_id=1436"},"modified":"2021-12-15T11:28:01","modified_gmt":"2021-12-15T10:28:01","slug":"conditions-generales-de-vente-cgv","status":"publish","type":"page","link":"https:\/\/anachronos.fr\/site\/index.php\/conditions-generales-de-vente-cgv\/","title":{"rendered":"Conditions G\u00e9n\u00e9rales de Vente (CGV)"},"content":{"rendered":"\t\t<div data-elementor-type=\"wp-page\" data-elementor-id=\"1436\" class=\"elementor elementor-1436\" data-elementor-settings=\"[]\">\n\t\t\t\t\t\t\t<div class=\"elementor-section-wrap\">\n\t\t\t\t\t\t\t<section class=\"elementor-section elementor-top-section elementor-element elementor-element-33f936d3 elementor-section-boxed elementor-section-height-default elementor-section-height-default\" data-id=\"33f936d3\" data-element_type=\"section\">\n\t\t\t\t\t\t<div class=\"elementor-container elementor-column-gap-default\">\n\t\t\t\t\t<div class=\"elementor-column elementor-col-100 elementor-top-column elementor-element elementor-element-6f38caaf\" data-id=\"6f38caaf\" data-element_type=\"column\">\n\t\t\t<div class=\"elementor-widget-wrap elementor-element-populated\">\n\t\t\t\t\t\t\t\t<div class=\"elementor-element elementor-element-5ac5507b elementor-widget elementor-widget-text-editor\" data-id=\"5ac5507b\" data-element_type=\"widget\" data-widget_type=\"text-editor.default\">\n\t\t\t\t<div class=\"elementor-widget-container\">\n\t\t\t<style>\/*! elementor - v3.5.0 - 12-12-2021 *\/\n.elementor-widget-text-editor.elementor-drop-cap-view-stacked .elementor-drop-cap.elementor-widget-text-editor.elementor-drop-cap-view-framed .elementor-drop-cap{color:#818a91;border:3px solid;background-color:transparent}.elementor-widget-text-editor:not(.elementor-drop-cap-view-default) .elementor-drop-cap{margin-top:8px}.elementor-widget-text-editor:not(.elementor-drop-cap-view-default) .elementor-drop-cap-letter{width:1em;height:1em}.elementor-widget-text-editor .elementor-drop-cap{float:left;text-align:center;line-height:1;font-size:50px}.elementor-widget-text-editor .elementor-drop-cap-letter{display:inline-block}<\/style>\t\t\t\t<h1 class=\"center\">Conditions G\u00e9n\u00e9rales de Vente<\/h1><h2>Article 1: APPLICATION<\/h2><p>Les pr\u00e9sentes Conditions G\u00e9n\u00e9rales de Vente r\u00e9gissent l\u2019activit\u00e9 de la societ\u00e9 ANACHRONOS immatricul\u00e9e au RCS de Evreux sous le num\u00e9ro 847 835 238 dont le si\u00e8ge social est situ\u00e9 au 71 rue de Montigny 27200 VERNON (France). Son activit\u00e9 est exerc\u00e9e 2 rue des Ecuries des Gardes 27200 VERNON.<\/p><p>Le fait de passer commande\u00a0et de cocher la case \u00ab\u00a0<span class=\"cb_normalText\">J\u2019accepte les conditions et les politiques ci-dessus<\/span>\u00a0\u00bb lors du paiement en ligne, implique l\u2019acceptation enti\u00e8re et sans r\u00e9serve du client \u00e0 ces Conditions G\u00e9n\u00e9rales de Vente. La r\u00e9servation par t\u00e9l\u00e9phone implique l\u2019acceptation d\u2019office des pr\u00e9sentes Conditions G\u00e9n\u00e9rales de Vente.<\/p><p>Les Conditions G\u00e9n\u00e9rales de Vente d&rsquo;ANACHRONOS sont disponibles sur le site internet d&rsquo;ANACHRONOS et peuvent \u00eatre consult\u00e9es librement sur demande des clients aupr\u00e8s du personnel d\u2019accueil d&rsquo;ANACHRONOS.<\/p><h2>Article 2: ACTIVITE<\/h2><p>ANACHRONOS a pour objet la conception et l\u2019organisation pour le grand public et les entreprises de Live Escape Game et d&rsquo;exp\u00e9riences en r\u00e9alit\u00e9 virtuelleau sein de son \u00e9tablissement situ\u00e9 au 2 rue des Ecuries des Gardes \u00e0 Vernon (27200)<\/p><h2>Article 3: RESERVATION DE SALLES<\/h2><p>Les r\u00e9servations passent par un paiement en ligne qui donnent le droit au client de r\u00e9server un jeu pour une dur\u00e9e maximale de 60 minutes, de b\u00e9n\u00e9ficier d\u2019une pr\u00e9sentation du JEU en amont d\u2019au moins 5 minutes et d\u2019un debriefing \u00e0 la fin du jeu d\u2019au moins 5 minutes. De fa\u00e7on exceptionnelle, la r\u00e9servation pourra se faire par t\u00e9l\u00e9phone et le r\u00e8glement dans les locaux d&rsquo;ANACHRONOS le jour de la venue du client. Chaque r\u00e9servation n\u2019est ferme et d\u00e9finitive qu\u2019apr\u00e8s r\u00e9ception par le client d\u2019un email de confirmation ou d\u2019un SMS de confirmation de la part d&rsquo;ANACHRONOS.<\/p><h2>ARTICLE 4: ACCES AUX INSTALLATIONS ET REGLEMENT INTERIEUR<\/h2><p>Chaque JEU est organis\u00e9 pour des groupes de 3 \u00e0 6 joueurs. Le jeu est ouvert aux personnes \u00e0 partir de 10 ans s\u2019ils sont accompagn\u00e9s d\u2019adultes. Pour les centres a\u00e9r\u00e9s et de loisirs, groupes scolaires, un seul adulte (animateur professionnel) est autoris\u00e9 \u00e0 partir de groupe d\u2019enfants de 12 ans.<\/p><p>Les groupes doivent se pr\u00e9senter \u00e0 l\u2019heure indiqu\u00e9e sur le planning de r\u00e9servation. La prestation comprend au moins 5 minutes d\u2019\u00e9change sur les r\u00e8gles de s\u00e9curit\u00e9, du jeu et le sc\u00e9nario, 60 minutes de Live Escape Game et au moins 5 minutes de debriefing. Les joueurs acceptent que le Live Escape Game n\u2019exc\u00e8de pas 60 minutes (hors accueil et debriefing). Ils sont tenus \u00e0 la responsabilit\u00e9 de maintenir en bon \u00e9tat l\u2019int\u00e9gralit\u00e9 de la salle tant au niveau de l\u2019immobilier que du mobilier. Par cons\u00e9quent, chaque joueur accepte que la d\u00e9gradation de la salle fera l\u2019objet d\u2019une re-facturation si la d\u00e9gradation est intentionnelle ou est la cons\u00e9quence de manipulations non autoris\u00e9es.<\/p><p>Lors de sa pr\u00e9sence dans les locaux d&rsquo;ANACHRONOS, les joueurs sont tenus d\u2019avoir une attitude responsable et respectueuse vis \u00e0 vis des autres \u00e9quipes, du personnel d&rsquo;ANACHRONOS et des biens immobiliers et mobiliers.<\/p><p>Les responsables d&rsquo;ANACHRONOS se r\u00e9servent le droit de refuser l\u2019entr\u00e9e \u00e0 toutes personnes sous l\u2019effet de l\u2019alcool ou de drogue sans remboursement du jeu.<\/p><p>L\u2019acc\u00e8s aux installations est strictement interdite aux animaux.<\/p><p>Chaque \u00e9quipe disposera d\u2019un seul vestiaire pour toute l\u2019\u00e9quipe avec la cl\u00e9 correspondante. ANACHRONOS d\u00e9cline toute responsabilit\u00e9 si des objets sont manquants \u00e0 la fin du JEU et \u00e0 la r\u00e9ouverture du vestiaire.<\/p><p>Chaque joueur s\u2019engage \u00e0 :<\/p><p>\u2013 ne rien enregistrer pendant le jeu (son et image) sous peine d\u2019arr\u00eater le jeu.<br \/>\u2013 ne pas divulguer les d\u00e9tails du jeu de fa\u00e7on directe ou indirecte ce qui p\u00e9naliserait les int\u00e9r\u00eats commerciaux d&rsquo;ANACHRONOS.<br \/>\u2013 ne pas emmener de nourriture ni de boisson dans les salles de JEU.<\/p><h2>Article 5: PRIX &amp; PAIEMENT<\/h2><p>La soci\u00e9t\u00e9 ANACHRONOS\u00a0 accepte les paiements par cartes bancaires en ligne, et par cartes bancaires et esp\u00e8ces sur place. Tout autre mode de paiement est refus\u00e9. Le JEU sera factur\u00e9 sur la base des tarifs pr\u00e9cis\u00e9s sur notre site internet au moment de la r\u00e9servation.<\/p><h2>Article 6: ANNULATION<\/h2><p>Aucune annulation n\u2019est possible une fois que le JEU est r\u00e9serv\u00e9 et pay\u00e9.<\/p><p>En cas de retard du client sup\u00e9rieur ou \u00e9gale \u00e0 15 minutes sur l\u2019horaire r\u00e9serv\u00e9, ANACHRONOS s\u2019autorise \u00e0 annuler la prestation sans remboursement du client.<\/p><h2>Article 7: PROTECTION DES DONN\u00c9ES PERSONNELLES<\/h2><p>La r\u00e9servation d\u2019un JEU implique que le client accepte que les donn\u00e9es personnelles n\u00e9cessaires au traitement de la commande soient collect\u00e9es. La r\u00e9servation et le paiement en ligne s\u2019effectuent respectivement aupr\u00e8s des soci\u00e9t\u00e9s BOOKEO et STRIPE (<a href=\"https:\/\/bookeo.com\/\">https:\/\/bookeo.com<\/a>\u00a0<a href=\"https:\/\/stripe.com\/\">https:\/\/stripe.com<\/a>). ANACHRONOS ne peut \u00eatre tenu pour responsable du collecte et de l\u2019utilisation des donn\u00e9es effectu\u00e9es par les services des soci\u00e9t\u00e9s BOOKEO et STRIPE. ANACHRONOS s\u2019engage pour sa part \u00e0 ne jamais communiquer d\u2019informations \u00e0 d\u2019autres tiers sauf dans les cas pr\u00e9vus par la loi.<\/p><p>Le client dispose d\u2019un droit d\u2019acc\u00e8s, de modification, de rectification et de suppression des donn\u00e9es le concernant (art 34 de la loi \u00ab informatique et libert\u00e9s \u00bb du 6 janvier 1978).<\/p><p>Des photographies des groupes de joueurs pourront \u00eatre prises \u00e0 la fin du JEU et utilis\u00e9es par ANACHRONOS pour son site internet et les r\u00e9seaux sociaux, notamment Facebook. Ces m\u00eames photos seront envoy\u00e9es aux joueurs et \u00e0 leur demande par SMS ou Email.<\/p><p>ANACHRONOS ne pourra \u00eatre tenu pour responsable de l\u2019utilisation qui sera faite de ces photographies par les clients ou par Facebook.<\/p><h2>ARTICLE 8: PROPRI\u00c9T\u00c9<\/h2><p>Tous les contenus du site\u00a0https:\/\/anachronos.fr sont la propri\u00e9t\u00e9 exclusive d&rsquo;ANACHRONOS. Toute reproduction partielle ou totale est strictement interdite.<\/p><h2>Article 9: TRIBUNAUX COMP\u00c9TENTS<\/h2><p>Les pr\u00e9sentes Conditions G\u00e9n\u00e9rales de Vente sont soumises \u00e0 la LOI Fran\u00e7aise. Tous les litiges sont soumis \u00e0 la comp\u00e9tence exclusive des tribunaux fran\u00e7ais.<\/p>\t\t\t\t\t\t<\/div>\n\t\t\t\t<\/div>\n\t\t\t\t\t<\/div>\n\t\t<\/div>\n\t\t\t\t\t\t\t<\/div>\n\t\t<\/section>\n\t\t\t\t\t\t<\/div>\n\t\t\t\t\t<\/div>\n\t\t","protected":false},"excerpt":{"rendered":"<p>Conditions G\u00e9n\u00e9rales de Vente Article 1: APPLICATION Les pr\u00e9sentes Conditions G\u00e9n\u00e9rales de Vente r\u00e9gissent l\u2019activit\u00e9 de la societ\u00e9 ANACHRONOS immatricul\u00e9e au RCS de Evreux sous le num\u00e9ro 847 835 238 dont le si\u00e8ge social est situ\u00e9 au 71 rue de Montigny 27200 VERNON (France). Son activit\u00e9 est exerc\u00e9e 2 rue des Ecuries des Gardes 27200 [&hellip;]<\/p>\n","protected":false},"author":1,"featured_media":0,"parent":0,"menu_order":0,"comment_status":"closed","ping_status":"closed","template":"","meta":[],"_links":{"self":[{"href":"https:\/\/anachronos.fr\/site\/index.php\/wp-json\/wp\/v2\/pages\/1436"}],"collection":[{"href":"https:\/\/anachronos.fr\/site\/index.php\/wp-json\/wp\/v2\/pages"}],"about":[{"href":"https:\/\/anachronos.fr\/site\/index.php\/wp-json\/wp\/v2\/types\/page"}],"author":[{"embeddable":true,"href":"https:\/\/anachronos.fr\/site\/index.php\/wp-json\/wp\/v2\/users\/1"}],"replies":[{"embeddable":true,"href":"https:\/\/anachronos.fr\/site\/index.php\/wp-json\/wp\/v2\/comments?post=1436"}],"version-history":[{"count":4,"href":"https:\/\/anachronos.fr\/site\/index.php\/wp-json\/wp\/v2\/pages\/1436\/revisions"}],"predecessor-version":[{"id":1450,"href":"https:\/\/anachronos.fr\/site\/index.php\/wp-json\/wp\/v2\/pages\/1436\/revisions\/1450"}],"wp:attachment":[{"href":"https:\/\/anachronos.fr\/site\/index.php\/wp-json\/wp\/v2\/media?parent=1436"}],"curies":[{"name":"wp","href":"https:\/\/api.w.org\/{rel}","templated":true}]}}